bdb
In base 6, what is -44 - -33510?
33422
In base 12, what is 3602a - 5?
36025
In base 9, what is -7278 + 34?
-7244
In base 5, what is -132 - 333?
-1020
In base 6, what is 2 - 454432?
-454430
In base 14, what is -2663 + -5?
-2668
In base 13, what is 438 + 671?
aa9
In base 4, what is 1130012 + -111?
1123301
In base 8, what is 1467 - 17?
1450
In base 12, what is -1b - 798?
-7b7
In base 3, what is 201201021 - -1202?
201210000
In base 14, what is 60ad + 80?
614d
In base 11, what is -22 + 291?
26a
In base 3, what is 102210011 - 101?
102202210
In base 16, what is -48c + -117?
-5a3
In base 7, what is 13 - 342?
-326
In base 3, what is -10 + 22212221100?
22212221020
In base 12, what is -3 + aa892?
aa88b
In base 14, what is 5 + -11010?
-11009
In base 3, what is -1 - 210000201201?
-210000201202
In base 7, what is -435603 + 0?
-435603
In base 2, what is -10001111101111101110 + 1?
-10001111101111101101
In base 2, what is -10100 + -11010011111001000?
-11010011111011100
In base 7, what is 36421 - -12?
36433
In base 8, what is -6 + -1421?
-1427
In base 13, what is -219 + 27?
-1c2
In base 10, what is 36 + -18652?
-18616
In base 12, what is 1 - 5a68?
-5a67
In base 5, what is -11211 - 1004?
-12220
In base 5, what is 111 - -21040?
21201
In base 7, what is 0 + 40613?
40613
In base 8, what is 10 + 611536?
611546
In base 3, what is 0 + 1011020100?
1011020100
In base 6, what is 101235 + -22?
101213
In base 15, what is 15d4 + 6?
15da
In base 7, what is 2543 + -41?
2502
In base 6, what is -11503351 - -2?
-11503345
In base 13, what is 22c - 52?
1aa
In base 8, what is -1106 - -1014?
-72
In base 12, what is -381 + -19?
-39a
In base 4, what is -111 + -133010?
-133121
In base 10, what is -80 - -767?
687
In base 2, what is 11000101101011110000 - -1?
11000101101011110001
In base 14, what is 2 - 163353?
-163351
In base 13, what is -7aa7 - -27?
-7a80
In base 6, what is -5 + -10243252?
-10243301
In base 13, what is 6 + -13499?
-13493
In base 10, what is -194 + -7234?
-7428
In base 2, what is -10010 + 10010011111111010?
10010011111101000
In base 15, what is 3 + ab26?
ab29
In base 8, what is -1320 - -51?
-1247
In base 9, what is -1227 + -631?
-1858
In base 3, what is 21101211222002 - 10?
21101211221222
In base 10, what is -55 + -607?
-662
In base 13, what is c953 - 3?
c950
In base 4, what is 130 - 1323?
-1133
In base 15, what is 7b9a - 0?
7b9a
In base 5, what is -2114113 - -42?
-2114021
In base 9, what is 2644441 - 0?
2644441
In base 16, what is 3c2 + -e7?
2db
In base 6, what is -333421 - 13?
-333434
In base 10, what is 335392 + 3?
335395
In base 13, what is -3 + -c3?
-c6
In base 2, what is 100001 + 1100011110?
1100111111
In base 15, what is 59606 - -3?
59609
In base 11, what is -8a - 261?
-340
In base 5, what is 200110 - 41?
200014
In base 16, what is -2c - -6779?
674d
In base 5, what is 13 - -203041?
203104
In base 16, what is 58 + 57d?
5d5
In base 13, what is 4 + -188a9?
-188a5
In base 16, what is -1bace + -e?
-1badc
In base 10, what is 15 - 10143?
-10128
In base 15, what is 5c274 - -3?
5c277
In base 4, what is -1 - 233311032?
-233311033
In base 9, what is -16 + 171181?
171164
In base 11, what is 5 + -4a39?
-4a34
In base 10, what is -12 - 19000?
-19012
In base 13, what is 13 - 13?
0
In base 5, what is 3 - -124233?
124241
In base 9, what is -4260 + 4?
-4255
In base 3, what is 10220120111 - 2?
10220120102
In base 4, what is 20100211 - 2?
20100203
In base 11, what is a46 + -a?
a37
In base 3, what is 1011020002110 - 0?
1011020002110
In base 12, what is b + -22061?
-22052
In base 6, what is -11233 + 4?
-11225
In base 7, what is -133 - 32?
-165
In base 2, what is -1011100101011101000100 - 1?
-1011100101011101000101
In base 14, what is -1cb - -6d?
-15c
In base 11, what is 21057 - -49?
210a5
In base 15, what is 2cb - 21?
2aa
In base 16, what is -829 - f?
-838
In base 13, what is 5 - a0b?
-a06
In base 15, what is -55a + -5?
-560
In base 3, what is 100 - -1011001020?
1011001120
In base 13, what is -aa7 + -693?
-146a
In base 6, what is -13330020 + 5?
-13330011
In base 13, what is -291b - -2?
-2919
In base 12, what is -a3 + -1677?
-175a
In base 11, what is 15 + -251a?
-2505
In base 11, what is -32814 - 7?
-32820
In base 9, what is -2748 - 806?
-3655
In base 2, what is 100 - 11100111011?
-11100110111
In base 2, what is 10000110011111011 + 101?
10000110100000000
In base 2, what is -111111001 + -100111011111?
-101111011000
In base 14, what is -3 - -50541?
5053c
In base 6, what is 545 + -32413?
-31424
In base 3, what is 102012121201 + 1?
102012121202
In base 2, what is 1100100011 + -11111010?
1000101001
In base 13, what is 1 - -8971a?
8971b
In base 15, what is 1 + 43ba?
43bb
In base 2, what is 101 - 1010100001100011?
-1010100001011110
In base 8, what is 211 - 35?
154
In base 13, what is -11 - -27ba?
27a9
In base 16, what is 1 + -4b1b1?
-4b1b0
In base 11, what is -4a399a - 3?
-4a39a2
In base 8, what is -1704 + 202?
-1502
In base 3, what is -2111 + -222220?
-1002101
In base 13, what is 1b5b + 0?
1b5b
In base 4, what is 2 - -11013313202?
11013313210
In base 12, what is -2b15a + 5?
-2b155
In base 9, what is 5 - 2167540?
-2167534
In base 16, what is -1 + bb5c0?
bb5bf
In base 5, what is -3013124 + 4?
-3013120
In base 11, what is -3751997 - -5?
-3751992
In base 3, what is 10021012 + 102?
10021121
In base 9, what is -20 - 4342?
-4362
In base 14, what is -39 - 2dd?
-338
In base 2, what is -1 + -1101011000101?
-1101011000110
In base 13, what is 38c - -164?
523
In base 11, what is 268 + -2964?
-26a7
In base 6, what is -254 + -222341?
-223035
In base 11, what is -94724 - 5?
-94729
In base 13, what is -87b96 - -1c?
-87b77
In base 14, what is 30 + 793?
7c3
In base 10, what is 8911 + 15?
8926
In base 10, what is 4 - 397175?
-397171
In base 16, what is 5b1 + -36?
57b
In base 9, what is 326 - 660?
-333
In base 6, what is 151 + -255434?
-255243
In base 9, what is 264682 - 4?
264677
In base 14, what is 1c + 17?
35
In base 7, what is 6 - 13161?
-13152
In base 6, what is 221200 - -2?
221202
In base 12, what is -2 + -26105?
-26107
In base 5, what is -322 + 40403?
40031
In base 13, what is a41 - -2c6?
1037
In base 11, what is 5858a + 1?
58590
In base 13, what is -19bc + -49?
-1a38
In base 6, what is 4 - -22110?
22114
In base 13, what is 0 + -63736?
-63736
In base 11, what is -7849 - -3?
-7846
In base 13, what is 3 + b379?
b37c
In base 11, what is 9594 + 2?
9596
In base 13, what is -4843 + -2?
-4845
In base 15, what is 15 + -4b10?
-4aea
In base 16, what is d + -13b5a?
-13b4d
In base 13, what is -5 + -1c665?
-1c66a
In base 2, what is 1010100011 + -10101?
1010001110
In base 11, what is -707005 + 3?
-707002
In base 9, what is -23225 - -4?
-23221
In base 10, what is -459 - -8?
-451
In base 15, what is -1d + 108cb?
108ad
In base 10, what is -1 - 315054?
-315055
In base 10, what is 9 + 14746?
14755
In base 9, what is -11312 - -5?
-11306
In base 3, what is -211221210 + 1?
-211221202
In base 16, what is 3 + -6?
-3
In base 3, what is 2012 + 10010200?
10012212
In base 5, what is -34 + 421434?
421400
In base 10, what is -2 - 50286?
-50288
In base 2, what is 1100000 + 10000110000?
10010010000
In base 6, what is 20 + 2132?
2152
In base 8, what is 1 + 33410?
33411
In base 12, what is -6 + -4698ab?
-4698b5
In base 16, what is 4e962 - 0?
4e962
In base 5, what is 10 + 1343143?
1343203
In base 9, what is 3 + -660083?
-660080
In base 10, what is -385506 + 3?
-385503
In base 10, what is 8 + -8307?
-8299
In base 16, what is cc + 1ad?
279
In base 15, what is -257 - 1b?
-273
In base 7, what is 151064 + -5?
151056
In base 12, what is 4 - -2a6384?
2a6388
In base 10, what is 288 + -4072?
-3784
In base 4, what is 11 + 2203101?
2203112
In base 10, what is 283 - 918?
-635
In base 13, what is -3b6c + -c?
-3b7b
In base 11, what is a896 + 10?
a8a6
In base 16, what is 4168 - 4?
4164
In base 6, what is 5004 + -14325?
-5321
In base 15, what is 4 - -5a0b?
5a10
In base 13, what is 1089 + b?
1097
In base 2, what is -10000001110011111010 + -1000?
-10000001110100000010
In base 6, what is -22 + -21320?
-21342
In base 11, what is 3 - 4993a?
-49937
In base 9, what is 10452601 - 5?
10452585
In base 9, what is 1362 + -32?
1330
In base 13, what is 37c58 + 2?
37c5a
In base 4, what is 13000032 - -11101?
13011133
In base 2, what is 11011001100111010 - 1?
1101